 - 8 - 4*i**2 + 3*i**2. Let g(s) = -5*a(s) + 6*m(s). Determine g(-3).
-18
Suppose 11 = 7*i + 18. Let w(f) = 10*f**3. What is w(i)?
-10
Let a be (-45)/39 - 26/(-169). Let v(t) = 209*t - 55. Let p(m) = 15*m - 4. Let c(y) = -55*p(y) + 4*v(y). Calculate c(a).
-11
Let a(v) be the second derivative of -v**6/180 + v**5/40 + 35*v**4/12 - 17*v. Let n(m) be the third derivative of a(m). Give n(3).
-9
Let j(q) = 4*q**3 - 3*q**2 - 3*q + 4. Let k(o) = 9*o**3 - 7*o**2 - 7*o + 9. Let y(i) = 7*j(i) - 3*k(i). Let w = 12 - 14. Let z be -2 + 6 + w + -2. Give y(z).
1
Let f(g) = 37*g**3 - 36*g**3 + 1 + 1 + 14*g - 3 - 9*g**2. Let j be f(7). Let k(x) = -18*x - 1. Determine k(j).
17
Let d(z) = 11*z - z**3 - z**2 + z - 10*z. Determine d(2).
-8
Let m(k) = -22*k + k**2 + 14 - 4 + 0*k**2 + 36*k - 28*k. Calculate m(13).
-3
Let w(a) be the third derivative of -a**4/8 + a**3/2 + 113*a**2. Give w(3).
-6
Let m(z) = -z**3 + 11*z**2 + 13*z - 11. Let q be m(12). Let l(s) = 2*s. Let n(k) = k + 1. Let f(a) = q*l(a) + 2*n(a). What is f(-2)?
-6
Suppose 5*i - 2*i - 126 = 0. Let m be 133/i - 4/24. Let q(s) = -s**2 + 5*s - 2. Give q(m).
4
Let s(r) = -r + 9. Let j be s(5). Suppose 3*m = j*m + 2. Let b(t) = -t - 3*t**2 - t**3 - 2 - 4*t**3 + 2*t**3. Determine b(m).
12
Suppose 3*a - 2*c = -7, -5*c = -2*a - 13 - 10. Let o = -63 + 58. Let y = a + o. Let j(t) = -t**3 - 3*t**2 + 3*t - 1. What is j(y)?
3
Let y be 14/(-105) + (868/30)/7. Let o(d) = -2*d + 7 + 9 - 7. Let a(x) = -x + 4. Let c(n) = -13*a(n) + 6*o(n). What is c(y)?
6
Suppose 0 = 2*l - l - 2. Let c(p) = p**2 - p + 1. Let v(b) = 3*b**2 - 2*b + 16. Let g(w) = l*c(w) - v(w). Determine g(0).
-14
Let l be (-11 - -14) + -2 + (-1)/(-1). Suppose 5*q - 1 = -l*k - 6, -3*k = -5*q + 20. Let r(p) = 11*p - 1. Give r(q).
10
Let i(c) be the first derivative of c**3/3 - 9*c**2/2 + 4*c - 36. Let t(r) = 0 + r**2 - 7*r - 3*r + 4. Let x(p) = 4*i(p) - 3*t(p). Determine x(5).
-1
Let w(q) be the third derivative of -q**6/120 - q**5/12 + q**4/12 - q**3/6 + 143*q**2. What is w(-5)?
-11
Let h = -6 + 12. Let k(w) be the third derivative of w**6/120 - w**5/12 - 5*w**4/24 - 4*w**3/3 - w**2 - 22*w. Give k(h).
-2
Let f(g) be the second derivative of -g**5/20 + 7*g**4/12 + g**3 + 5*g**2 + 14*g + 2. Give f(8).
-6
Suppose -6*y + 6 = -6. Let z(a) = 4*a**y - 4 + 0*a + 0*a**3 - a**3 + 5*a. What is z(5)?
-4
Let v(x) = -x**3 + x**2 + 8*x + 28. Let r(i) = -2*i**3 + 3*i**2 + 20*i + 56. Let z(n) = -2*r(n) + 5*v(n). Calculate z(0).
28
Suppose 5*a = -3*k + 4, 5*k = -0*k - 10. Suppose 2*i + 5*f = 33, 0*i - a*f + 6 = -i. Suppose 0 = -j - 4*w + 10, -2*w + i = 2. Let l(p) = -p - 2. Give l(j).
-8
Let f(q) = q - 6. Let h(y) = -3. Let a(j) = f(j) - h(j). What is a(15)?
12
Let d(n) be the first derivative of n**7/840 + n**6/90 - n**5/24 - n**4/4 + 8*n**3/3 - 8. Let c(y) be the third derivative of d(y). Calculate c(-5).
-6
Let z(u) = -2*u + 3. Let q be -3 + (-4)/6*6. Let s = q + 3. Let b be (-8)/s + 1 - -1. Determine z(b).
-5
Let k(h) = -4*h - h**2 + 2 - 4*h - 3*h**2 + 4*h. Let u(w) be the first derivative of w**3 + 3*w**2/2 - 2*w + 6. Let j(l) = -2*k(l) - 3*u(l). Determine j(-4).
-10
Let g(y) = -y**2 - 8*y + 2. Let q(a) = -a**2 - 9*a + 1. Let v be 2/7 + 46/(-14). Let w(r) = v*g(r) + 2*q(r). What is w(-7)?
3
Let w(z) be the second derivative of 0 + 0*z**4 - 1/2*z**3 + 2*z + 1/2*z**2 + 1/20*z**5. Calculate w(2).
3
Let w be 1056/(-96) - (0 + 1 - 6). Let y be 32/14 + (-4)/14. Let k(f) = -y - f + 3 - 9. Give k(w).
-2
Suppose -h = -l + 9, -2*h = -7*l + 4*l + 24. Let m(u) = 0 + l*u + 3 - 3 - u**2 - 3. Calculate m(6).
-3
Let l be ((-39)/26)/((-6)/16). Let v(a) be the second derivative of 7/12*a**l - 1/2*a**2 + 0 - a + 0*a**3. What is v(-1)?
6
Let g be (-5)/(-20) - (-2)/(-8). Let r(o) = -41 + 130 - o - 47 - 37. Give r(g).
5
Let v = -217 + 224. Let a(i) = i**3 - 7*i**2. Give a(v).
0
Let r(v) be the second derivative of -v**4/12 - v**3 + v**2/2 + 115*v. Calculate r(-6).
1
Let v(y) = 26*y + 470. Let o be v(-18). Let j(g) be the third derivative of 1/2*g**3 + 0 - g**o + 0*g - 1/30*g**5 + 1/12*g**4. Give j(-2).
-9
Let t(s) be the second derivative of s**6/720 + 7*s**5/120 - 13*s**4/12 - 7*s. Let n(z) be the third derivative of t(z). Give n(-8).
-1
Let q = -7 - -6. Let p(m) be the first derivative of 14 - 3/2*m**2 + m. Determine p(q).
4
Let k(z) = 2*z - 1. Let s(y) = -4*y + 2. Let l(i) = 11*k(i) + 4*s(i). Determine l(1).
3
Let b(h) be the second derivative of h**5/20 + h**4/2 + 5*h**3/6 - 2*h**2 + 2*h + 137. What is b(-4)?
8
Let v(q) = 2*q**2 + q + 1. Let w(p) = -2*p + 1. Let g(b) = b - 1. Let y(s) = -3*g(s) - 2*w(s). Let m be y(-2). Determine v(m).
2
Suppose -12 = -13*s + 7*s. Let b(p) = -2 - p + p**3 - s*p**3 + 6 + 6*p**2 - 7. Calculate b(4).
25
Let l(k) = 2*k**3 - k**2 + 2*k - 1. Let h be l(1). Let i(p) = 0*p**2 - p**h + 3*p + 2*p - 3 - 4. Let c(w) = -3*w - 6. Let z be c(-4). Calculate i(z).
-13
Let h(f) = 3*f**2 + 5*f - 6. Let n(x) = x**2 + x - 1. Let u = 1 + 0. Let k(j) = -j**2 - 4*j + 27. Let t be k(-8). Let a(z) = t*n(z) + u*h(z). Determine a(-2).
-9
Let b(x) = -x**2 + 4. Let a(m) = -45*m**3 + 4*m**2 + m - 12. Let d(u) = a(u) + 3*b(u). What is d(-1)?
45
Let o(l) be the third derivative of -1/24*l**4 - 12*l**2 + 0 + 0*l + l**3. Give o(5).
1
Let k(z) = 2*z**2 + 2*z**2 - 3 - 3*z + 2*z + 1. Give k(-1).
3
Let l(s) be the third derivative of s**5/60 + s**4/6 - s**3/6 + 2*s**2. Suppose -11 = 2*b - 3. Give l(b).
-1
Let u be 12/(-4) + 3 + -1. Let f be 2/3*6*u. Let y(k) = 3*k + 6. What is y(f)?
-6
Let f(c) = 4*c**2 - 3*c**2 + 0*c**3 - 1 + 0 - 26*c**3 + 30*c**3. Let r(n) = n**2 - 8*n - 10. Let w be r(9). Determine f(w).
-4
Let w be -9*3/9*-2. Let k(m) = m - 6. Let q be k(w). Let o(b) be the second derivative of -b**4/12 + b**3/6 - 5*b**2 + b. Determine o(q).
-10
Let s be ((-24)/40)/((-1)/(-5)). Let v be (2 + s)/(1/5). Let f(c) = -c**2 - 6*c - 4. Calculate f(v).
1
Let w be (48/(-18))/((-2)/3). Let f(x) = x**3 - 3*x**2 - 6*x + 2. Determine f(w).
-6
Let z = -53 + 105. Let i = -49 + z. Let c(j) = -2*j**2 + 4*j + 1. Calculate c(i).
-5
Suppose 5*a = -5*l - 35 + 130, 0 = 3*a - 3*l - 27. Let v(k) = -3*k + 16. Give v(a).
-26
Let g be (-24)/16 - 1/(-2). Let s(h) = h**3 - 4*h**2 + 3*h - 6. Let z be s(4). Let p(o) = 1 + 1 - z*o**2 - 4 + 3. Give p(g).
-5
Let a = -14 - -10. Let f be 16 - 6*a/(-8). Suppose -3*w + f = -5. Let h(k) = -k**2 + 6*k - 2. Give h(w).
-2
Let m(a) be the first derivative of -a**4/4 - 7*a**3/3 - 4*a**2 - 8*a + 21. Suppose 4*v + 16 = -8. Give m(v).
4
Let q(d) = 11*d - 1. Let s = -176 - -175. Calculate q(s).
-12
Suppose 9*t + 75 - 48 = 0. Let l(o) = -o**2 - 3*o + 2. Give l(t).
2
Let r(p) be the third derivative of p**4/8 + 17*p**2 - p. What is r(-1)?
-3
Suppose -4*y = 4*j - 0 + 20, -3*y + 5*j = -9. Let m(s) = -s**2 + 5*s + 2. Let c be m(5). Let x(o) = 0 + 2 + c*o + 4*o + 1. Calculate x(y).
-9
Let a be (-1)/(-4)*24*1. Let n(p) be the third derivative of 0*p + 8*p**2 - 2/3*p**3 + 0 + 0*p**4 + 1/120*p**a - 1/30*p**5. What is n(3)?
5
Let j(c) = c**3 - 16*c**2 + 22. Let p be 18/108 - 380/(-24). Calculate j(p).
22
Let r = -7 + 6. Let l = r + 8. Let w(n) = 1 - n + 5*n**2 - 8*n**3 - 3*n + l*n**3. Give w(3).
7
Let p(w) = -w + 2. Let n be -1 - -7 - (1 - -2). Let r = n - 7. Let c be 17/r - 2/(-8). Give p(c).
6
Let y(u) = 5*u**2 + 11*u + 5. Let k(h) = h**2 + 2*h + 1. Let l(r) = r**2 + 17*r + 19. Let b be l(-15). Let a(w) = b*k(w) + 2*y(w). Give a(1).
-2
Let f = 2 + -12. Let c = -17 - -23. Let l = f + c. Let n(s) = s**3 + 3*s**2 - 4*s + 2. Calculate n(l).
2
Let k(a) = -a + 4. Suppose -39*b + 49 + 653 = 0. Give k(b).
-14
Let f be 369/36 - (-1)/(-4). Let n be 4/((f/3)/5). Let a(t) = -7 + 3*t - t**2 - n*t + 11*t. What is a(6)?
5
Suppose -f + 0*f - 1 = 0. Let w = -6 + 10. Let j(z) = -2*z - w*z + z - 2*z - 1. Determine j(f).
6
Let u(r) = 10 - 270*r - 3 - r**2 + 523*r - 249*r. Determine u(-3).
-14
Let s(v) = 6 + 0 - 5*v + 2*v - 4 - 1. Determine s(3).
-8
Let n(g) = 7*g**3 - 3*g**2 - 2*g - 3. Let t(s) = 20*s**3 - 9*s**2 - 6*s - 8. Let d(i) = 17*n(i) - 6*t(i). Give d(5).
-43
Let q(r) = -r**2 - 7*r - 7. Let n be q(-5). Suppose -w - n*w + 64 = 0. Let g be (-12)/w + (-75)/12. Let d(z) = z**3 + 8*z**2 + 5*z - 7. Give d(g).
7
Let s(q) be the first derivative of q**3/3 - 2*q**2 - q - 18. Calculate s(3).
-4
Suppose 0*n + 